3b56c2 + -78?
3b5649
In base 9, what is 7823747 + 2?
7823750
In base 9, what is 1835 + 247812?
250747
In base 13, what is -6a5 - -10b1ab?
10a806
In base 11, what is 4aa7175 - -5?
4aa717a
In base 9, what is -5033 - 1014?
-6047
In base 2, what is -10110 + -1110001100100111010?
-1110001100101010000
In base 9, what is -56185 + -171?
-56366
In base 14, what is -3 - 37078c?
-370791
In base 2, what is 1 - 10001000100011100110100?
-10001000100011100110011
In base 2, what is -1000001110 - -10010001000000100011?
10010000111000010101
In base 14, what is 9bd + 97b?
155a
In base 4, what is 323023 - -21131130?
22120213
In base 2, what is 101 - 10110101011000011100101010?
-10110101011000011100100101
In base 12, what is -30b7b6 - -13?
-30b7a3
In base 14, what is 117 - -53385?
5349c
In base 3, what is 10101102 + -210101?
2121001
In base 15, what is -51 + -31e006?
-31e057
In base 11, what is -1a - -7a8255?
7a8236
In base 6, what is 3 + -2532115304?
-2532115301
In base 2, what is 10 + -101111000111011100000111?
-101111000111011100000101
In base 5, what is 32 + 310120?
310202
In base 8, what is -340 - -132350?
132010
In base 16, what is 7a46d + -2b?
7a442
In base 4, what is -102333002332 - 13?
-102333003011
In base 7, what is -2261440 + 11350?
-2250060
In base 2, what is -110001010110011000000100 + -100110?
-110001010110011000101010
In base 5, what is 202032114340 - -4?
202032114344
In base 12, what is -252 + 26bb1?
2695b
In base 8, what is -265 - 330476?
-330763
In base 9, what is 535 - 14084?
-13448
In base 5, what is 120 + 3300333?
3301003
In base 11, what is 103 + 1025a?
10362
In base 4, what is 2103 + -113130202?
-113122033
In base 2, what is 10 + -10101011011000010110101010011?
-10101011011000010110101010001
In base 8, what is -4440 + 7?
-4431
In base 12, what is 75 + -143b46?
-143a91
In base 16, what is 2e58b + 8?
2e593
In base 7, what is -2062544 - 15154?
-2111031
In base 13, what is 9131 - -55b?
968c
In base 14, what is -cb74883 - 4?
-cb74887
In base 14, what is -43678 + d4?
-43584
In base 14, what is -d019b - -1a?
-d0181
In base 10, what is 15 - 12169852?
-12169837
In base 10, what is -18 + 3610407?
3610389
In base 6, what is 5002523152 - 1?
5002523151
In base 2, what is 111000001 + -10100111010110001?
-10100110011110000
In base 13, what is -a06308 + -3?
-a0630b
In base 9, what is -5 - 83048757?
-83048763
In base 2, what is 11110000100110 + 10001110011110101?
10101100100011011
In base 10, what is 7589 + 53810?
61399
In base 11, what is 10 + -494161?
-494151
In base 13, what is 0 + -145ccb02?
-145ccb02
In base 4, what is 222110330101 + 3?
222110330110
In base 15, what is -7 + -1158d6?
-1158dd
In base 8, what is 562520 - 67?
562431
In base 7, what is 2631336 - -6103?
2640442
In base 6, what is 31 - 4032301?
-4032230
In base 11, what is 3346724 - -a?
3346733
In base 12, what is 17 + 6a6481?
6a6498
In base 11, what is 0 + -5575543?
-5575543
In base 5, what is 44331 + 400444?
1000330
In base 7, what is 44125422 - -4?
44125426
In base 6, what is -15501 + -544344?
-1004245
In base 2, what is -11111100 + -11011011000000?
-11011110111100
In base 4, what is -1101301 + 2130020?
1022113
In base 13, what is 1b + 79402?
79420
In base 13, what is -2a7286 + -651?
-2a7907
In base 5, what is -10 - -2430433401?
2430433341
In base 2, what is 100001000111 + -1001000110?
11000000001
In base 12, what is -10 - 1538784?
-1538794
In base 14, what is -45 + -42142?
-42187
In base 14, what is -1a090 + -284?
-1a334
In base 15, what is 36528953 + -2?
36528951
In base 14, what is 1a0 - -5c63?
6023
In base 15, what is -7279d7 + 2e?
-7279a8
In base 10, what is -1003 - -7729?
6726
In base 4, what is 2211 - -1112023032?
1112031303
In base 13, what is 38660bb - -6?
38660c4
In base 16, what is 2 - -24b172?
24b174
In base 14, what is -1b2b - -66?
-1aa5
In base 2, what is -10 - 1010101000101100?
-1010101000101110
In base 5, what is -1232121 + -2223?
-1234344
In base 16, what is -6021ae + -2?
-6021b0
In base 8, what is -152656 + 1073?
-151563
In base 15, what is 4b - -37e3c1?
37e41c
In base 10, what is -2319507 + -5?
-2319512
In base 12, what is 1a22073 - -5?
1a22078
In base 5, what is 3124104204 + 31?
3124104240
In base 6, what is 1 + -35115321240?
-35115321235
In base 2, what is 11 - 100011010011101100001110?
-100011010011101100001011
In base 16, what is 0 - 8baf?
-8baf
In base 9, what is 1 + 454261520?
454261521
In base 3, what is -200200022112 - 112020?
-200200211202
In base 10, what is -24710 - -25332?
622
In base 11, what is 89a - -795a?
8749
In base 5, what is 1101003 - 100332?
1000121
In base 15, what is -a26 - -b7c?
156
In base 9, what is 0 + -1375702?
-1375702
In base 11, what is -110367a7 - -4?
-110367a3
In base 3, what is 201200 + 11010121222?
11011100122
In base 7, what is -32331 + -22452?
-55113
In base 12, what is 57 - 1863a0?
-186345
In base 15, what is -e8 - 13706?
-137ee
In base 7, what is -242 + -333513?
-334055
In base 9, what is 47681 - 4651?
43030
In base 13, what is a + -189811?
-189804
In base 6, what is -55055055252 + 2?
-55055055250
In base 16, what is -b0 + 8a3e?
898e
In base 5, what is -223 - 1412120032?
-1412120310
In base 12, what is -6 - 1087ab?
-1087b5
In base 13, what is -c0c0b - 14?
-c0c22
In base 5, what is 141 - -11342323?
11343014
In base 4, what is -10 - -11201220320022?
11201220320012
In base 12, what is -7 - -26a138?
26a131
In base 16, what is f6 + -24c45?
-24b4f
In base 10, what is 159422 - 443?
158979
In base 3, what is -122002110201 - -2121?
-122002101010
In base 12, what is -3 - 35a40396?
-35a40399
In base 15, what is -1780cd - -3?
-1780ca
In base 7, what is 2244353 + -2112?
2242241
In base 4, what is 22001 + -31032?
-3031
In base 2, what is 110000100 + -101011100111001100100?
-101011100110011100000
In base 6, what is -15552213 + -10?
-15552223
In base 5, what is 14 + 2141442002?
2141442021
In base 6, what is -353524 + -10503?
-404431
In base 10, what is 436823 + 142?
436965
In base 5, what is 1022 + -1311214?
-1310142
In base 2, what is 10 + -1100100111000100000011?
-1100100111000100000001
In base 5, what is -21004310143 - -1?
-21004310142
In base 11, what is -5567 - -10235?
5779
In base 5, what is 213 - 13344341120?
-13344340402
In base 5, what is 104024244420 - -4?
104024244424
In base 9, what is -355517 - 4?
-355522
In base 8, what is -27203236 + -2?
-27203240
In base 12, what is 1b946a + 251?
1b96bb
In base 4, what is 20003202330 + 1012?
20003210002
In base 6, what is -2013550 + 204?
-2013342
In base 15, what is -1 + 12db23?
12db22
In base 2, what is 100111011001011 - 110100100?
100110100100111
In base 8, what is -4041336 + -1542?
-4043100
In base 11, what is 46 - -52956?
529a1
In base 12, what is 282199 - -1b?
2821b8
In base 2, what is -10011101010010011011010000001 + -10?
-10011101010010011011010000011
In base 15, what is -44dee86 - 0?
-44dee86
In base 5, what is 12 + -2303214231?
-2303214214
In base 2, what is -110010110101100101 + 1100?
-110010110101011001
In base 9, what is -28077 + 7770?
-20207
In base 6, what is 12 - -11113211131?
11113211143
In base 13, what is 462b - 3713?
c18
In base 7, what is -1 - 31002042?
-31002043
In base 10, what is 165537 + -243?
165294
In base 15, what is 19aba4 - 5d?
19ab46
In base 7, what is 421 + -131035?
-130314
In base 8, what is 146205720 - -4?
146205724
In base 13, what is -50a0b2c + -3?
-50a0b32
In base 7, what is 3304 - 221?
3053
In base 15, what is -8b8e - -1162?
-7a2c
In base 6, what is 445123333 - -1?
445123334
In base 11, what is 164 - 46841?
-46688
In base 15, what is 13d7 + -2c9?
110d
In base 11, what is -3 + -701220?
-701223
In base 4, what is 1 - 33113010230?
-33113010223
In base 7, what is -54265 - -510?
-53455
In base 12, what is -49768b - 1?
-497690
In base 16, what is -4de + -707e?
-755c
In base 5, what is 22103044 + -2111?
22100433
In base 9, what is 14388 - 20303?
-4804
In base 10, what is -13811 - -67?
-13744
In base 6, what is 1042 - -112400?
113442
In base 10, what is -1376789 + -4?
-1376793
In base 8, what is 1057 - 40477?
-37420
In base 12, what is 4432 + -2a9?
4145
In base 3, what is -1101222 - -1020012101?
1011210102
In base 2, what is -110 + -11110000001110100010010?
-11110000001110100011000
In base 5, what is 1340331100 - 1?
1340331044
In base 13, what is 19187 + 178?
19332
